{"id":1143,"date":"2021-03-08T15:17:26","date_gmt":"2021-03-08T13:17:26","guid":{"rendered":"https:\/\/pablrdev.se\/karlstad\/lediga-jobb\/"},"modified":"2021-09-17T10:14:05","modified_gmt":"2021-09-17T08:14:05","slug":"lediga-jobb","status":"publish","type":"page","link":"https:\/\/pablrdev.se\/karlstad\/lediga-jobb\/","title":{"rendered":"Lediga jobb"},"content":{"rendered":"\n<div class=\"wp-block-columns is-layout-flex wp-container-core-columns-is-layout-9d6595d7 wp-block-columns-is-layout-flex\">\n<div class=\"wp-block-column is-layout-flow wp-block-column-is-layout-flow\" style=\"flex-basis:70%\">\n<h1 class=\"title title--primary wp-block-heading\">Lediga jobb<\/h1>\n\n\n\n<p>Vi \u00e4r intresserade av medarbetare som vill arbeta med redovisning, r\u00e5dgivning och revision i sm\u00e5 och medelstora f\u00f6retag. F\u00f6r att arbeta hos oss \u00e4r r\u00e4tt kompetens en n\u00f6dv\u00e4ndighet, men \u00e4n viktigare \u00e4r ditt engagemang. <a href=\"https:\/\/pablrdev.se\/karlstad\/kontakt\" target=\"_blank\" rel=\"noreferrer noopener\">Kontakta oss<\/a> om du \u00e4r intresserad.<\/p>\n\n\n<div id=\"jobs-block_6058b0aa7c0ef\" class=\"acf-block jobs\">\n    <div class=\"block__content space-y-4 spacing-block\">\n        \n<div class=\"accordion max-w-5xl mx-auto slide-component bg-tertiary shadow-sm\">\n    <div class=\"slide-toggle flex font-bold justify-between items-center py-5 px-8\">\n        <div class=\"max-w-content pointer-events-none pr-4 mr-auto\">\n            <div class=\"text-md font-bold\">\n                Redovisningskonsult s\u00f6kes            <\/div>\n            <div class=\"text-sm font-light\">\n                            <\/div>\n        <\/div>\n        <i class='fas fa-chevron-down pointer-events-none'><\/i>\n    <\/div>\n    <div class=\"card__content typography hidden slide-content bg-neutral\">\n        <div class=\"md:flex\">\n            <div class=\"md:w-7\/12 p-8\">\n                <div class=\"max-w-4xl max-w-content\">\n                    <p>Vi s\u00f6ker en redovisningskonsult med erfarenhet fr\u00e5n jord och skog som vill bli en del av en organisation som pr\u00e4glas av kompetens och engagemang. Trivs du i en social roll med m\u00e5nga kontaktytor? D\u00e5 kan du vara den vi s\u00f6ker!<\/p>\n<p><strong>Arbetsuppgifter<\/strong><\/p>\n<p>Vi p\u00e5 LR arbetar framf\u00f6r allt med sm\u00e5 och medelstora \u00e4garledda f\u00f6retag. Goda relationer \u00e4r k\u00e4rnan i f\u00f6retagets aff\u00e4rer och arbetet \u00e4r d\u00e4rf\u00f6r inriktat p\u00e5 helhetsansvar och l\u00e5ngsiktigt arbete. Som medarbetare f\u00e5r du d\u00e4rf\u00f6r ett st\u00f6rre ansvar och en st\u00f6rre roll, men ocks\u00e5 ett stort utrymme att skapa och styra din vardag. I denna roll ansvarar du f\u00f6r ett antal egna kunder fr\u00e4mst enskilda firmor inom den gr\u00f6na n\u00e4ringen. Du hanterar l\u00f6pande bokf\u00f6ring, bokslut, inkomstdeklarationer, skatter och avgifter m.m. Du har en konsultativ roll och fungerar som r\u00e5dgivare i hela kundens ekonomiprocess. D\u00e5 varje f\u00f6retag har olika behov anpassar du arbetet s\u00e5 att varje kund f\u00e5r det ekonomiska st\u00f6d som den \u00e4r i behov av. Du arbetar n\u00e4ra dina kollegor och har alltid n\u00e5gon att r\u00e5dfr\u00e5ga och diskutera med.<\/p>\n<p><strong>Din profil<\/strong><\/p>\n<p>Vi s\u00f6ker dig som har erfarenhet i branschen, som har arbetat med enskilda firmor och har erfarenhet inom jord och skog. F\u00f6r att vara framg\u00e5ngsrik i rollen kr\u00e4vs det att du \u00e4r m\u00e5n om att arbeta kundorienterat. Som person \u00e4r du social och serviceinriktad och kan hantera m\u00e5nga uppdrag samtidigt. Du trivs med att ta eget ansvar f\u00f6r din planering och dina arbetsuppgifter. Vi v\u00e4rdes\u00e4tter att du \u00e4r f\u00f6rtroendeingivande och kommunikativ.<\/p>\n<p>V\u00e5ra kunder finns i hela V\u00e4rmland och det \u00e4r d\u00e4rf\u00f6r \u00f6nskv\u00e4rt att du som s\u00f6ker har k\u00f6rkort<\/p>\n<p>F\u00f6r att veta mer om tj\u00e4nsten \u00e4r du v\u00e4lkommen att kontakta Jonas Nilsson p\u00e5 070-562 86 06 \u00a0eller mail <a href=\"&#109;&#x61;&#105;&#x6c;&#116;&#x6f;:&#x6a;o&#110;&#x61;&#115;&#x2e;&#110;&#x69;l&#x73;s&#111;&#x6e;&#64;&#x70;&#97;&#x62;&#108;&#x72;d&#x65;v&#46;&#x73;&#101;\">j&#111;&#x6e;&#x61;s&#46;&#x6e;&#x69;l&#115;&#x73;&#x6f;n&#64;&#x70;&#x61;b&#108;&#x72;&#x64;e&#118;&#46;&#x73;&#x65;<\/a>. Ans\u00f6kningshandlingar skickas till LR Revision Karlstad AB, Pihlgrensgatan 7, 652 25 KARLSTAD.<\/p>\n<p>Vi ser fram emot dina ans\u00f6kningshandlingar s\u00e5 snart som m\u00f6jligt d\u00e5 rekryteringsarbetet och tills\u00e4ttandet av tj\u00e4nsterna sker l\u00f6pande.<\/p>\n<p><strong>\u00a0<\/strong><strong>V\u00e4lkommen med din ans\u00f6kan!<\/strong><\/p>\n<p>&nbsp;<\/p>\n                <\/div>\n            <\/div>\n            <div class=\"md:w-5\/12 p-8\">\n                <div class=\"text-md font-bold mb-4\">\n                    Ans\u00f6kan                <\/div>\n                                    <div class=\"email-copy flex justify-between bg-tertiary mb-4\">\n                        <a href=\"mailto:&#x6a;&#x6f;&#110;a&#x73;&#x2e;&#110;&#105;l&#x73;&#x73;&#111;&#110;&#064;&#x70;&#x61;&#098;lr&#x64;&#x65;&#118;&#046;&#x73;&#x65;\" class=\"flex-1 p-4 link link--primary font-normal h-full\">\n                            &#x6a;&#x6f;&#110;a&#x73;&#x2e;&#110;&#105;l&#x73;&#x73;&#111;&#110;&#064;&#x70;&#x61;&#098;lr&#x64;&#x65;&#118;&#046;&#x73;&#x65;                        <\/a>\n                        <button class=\"button button--primary button--no-margin\" onClick=\"copyStringToClipboard('&#x6a;&#x6f;&#110;a&#x73;&#x2e;&#110;&#105;l&#x73;&#x73;&#111;&#110;&#064;&#x70;&#x61;&#098;lr&#x64;&#x65;&#118;&#046;&#x73;&#x65;')\" data-done=\"Kopierat!\">Kopiera<\/button>\n                    <\/div>\n                                                <p><em>LR Revision Karlstad AB \u00e4r lokalt \u00e4gt och har f\u00f6r n\u00e4rvarande 20 anst\u00e4llda. Verksamheten \u00e4r f\u00f6rlagd till kvarteret Almen i centrala Karlstad men vi har ocks\u00e5 kontor i Kristinehamn och S\u00e4ffle. \u00a0Vi arbetar med revision, redovisning, skattefr\u00e5gor, bolagsr\u00e4tt och annan aff\u00e4rsanknuten r\u00e5dgivning. V\u00e5ra kunder \u00e4r i f\u00f6rsta hand sm\u00e5 och medelstora \u00e4garledda f\u00f6retag.<\/em><\/p>\n            <\/div>\n        <\/div>\n    <\/div>\n<\/div>\n<script>\n    function copyStringToClipboard(str) {\n        \/\/ Create new element\n        var el = document.createElement(\"textarea\");\n        \/\/ Set value (string to be copied)\n        el.value = str;\n        \/\/ Set non-editable to avoid focus and move outside of view\n        el.setAttribute(\"readonly\", \"\");\n        el.style = {\n            position: \"absolute\",\n            left: \"-9999px\"\n        };\n        document.body.appendChild(el);\n        \/\/ Select text inside element\n        el.select();\n        \/\/ Copy text to clipboard\n        document.execCommand(\"copy\");\n        \/\/ Remove temporary element\n        document.body.removeChild(el);\n\n        \/\/ change inner text to done state\n        event.target.innerText = event.target.dataset.done;\n    }\n<\/script>\n    <\/div>\n<\/div>\n<\/div>\n\n\n\n<div class=\"wp-block-column is-layout-flow wp-block-column-is-layout-flow\" style=\"flex-basis:33.33%\"><div id=\"share-block_604624f9025b7\" class=\"acf-block share my-2\">\n    <div class=\"block__content\">\n        <div class=\"font-bold text-dark\">\n            Dela eller skriv ut        <\/div>\n        <div class=\"icons flex space-x-2 mt-1\">\n            <span class=\"link link--primary-icon\" style=\"height: 1.5rem;\">\n                <a class=\"flex items-end justify-center off\" href='https:\/\/www.linkedin.com\/sharing\/share-offsite\/?url=https:\/\/pablrdev.se\/karlstad\/lediga-jobb\/' target='_blank' rel='noreferrer noopener' style=\"width: 1.5rem; height: 1.5rem;\">\n                    <i class=\"fab fa-linkedin\"><\/i>\n                <\/a>\n            <\/span>\n            <span class=\"link link--primary-icon\" style=\"height: 1.5rem;\">\n                <a class=\"flex items-end justify-center off\" href='https:\/\/www.facebook.com\/sharer\/sharer.php?u=https:\/\/pablrdev.se\/karlstad\/lediga-jobb\/' target='_blank' rel='noreferrer noopener' style=\"width: 1.5rem; height: 1.5rem;\">\n                    <i class=\"fab fa-facebook-f\"><\/i>\n                <\/a>\n            <\/span>\n            <span class=\"link link--primary-icon\" style=\"height: 1.5rem;\">\n                <a class=\"flex items-end justify-center\" href='mailto:&#x6b;&#97;r&#x6c;&#x73;&#116;a&#x64;&#64;p&#x61;&#x62;&#108;r&#x64;&#101;v&#x2e;&#x73;&#101;?body=https%3A%2F%2Fpablrdev.se%2Fkarlstad%2Flediga-jobb%2F' target='_blank' rel='noreferrer noopener' style=\"width: 1.5rem; height: 1.5rem;\">\n                    <i class=\"fas fa-envelope\"><\/i>\n                <\/a>\n            <\/span>\n            <span class=\"link link--primary-icon\" style=\"height: 1.5rem;\">\n                <a class=\"flex items-end justify-center\" href='javascript:;' onclick=\"window.print();return false;\" target='_blank' rel='noreferrer noopener' style=\"width: 1.5rem; height: 1.5rem;\">\n                    <i class=\"fas fa-print\"><\/i>\n                <\/a>\n            <\/span>\n        <\/div>\n    <\/div>\n<\/div>\n<\/div>\n<\/div>\n","protected":false},"excerpt":{"rendered":"<p>Lediga jobb Vi \u00e4r intresserade av medarbetare som vill arbeta med redovisning, r\u00e5dgivning och revision i sm\u00e5 och medelstora f\u00f6retag. F\u00f6r att arbeta hos oss&#8230;<\/p>\n","protected":false},"author":1,"featured_media":1000001158,"parent":0,"menu_order":0,"comment_status":"closed","ping_status":"closed","template":"","meta":{"inline_featured_image":false,"footnotes":""},"page-category":[],"class_list":["post-1143","page","type-page","status-publish","has-post-thumbnail","hentry"],"acf":[],"publishpress_future_action":{"enabled":false,"date":"2026-05-20 13:20:18","action":"change-status","newStatus":"draft","terms":[],"taxonomy":"page-category","extraData":[]},"publishpress_future_workflow_manual_trigger":{"enabledWorkflows":[]},"_links":{"self":[{"href":"https:\/\/pablrdev.se\/karlstad\/wp-json\/wp\/v2\/pages\/1143","targetHints":{"allow":["GET"]}}],"collection":[{"href":"https:\/\/pablrdev.se\/karlstad\/wp-json\/wp\/v2\/pages"}],"about":[{"href":"https:\/\/pablrdev.se\/karlstad\/wp-json\/wp\/v2\/types\/page"}],"author":[{"embeddable":true,"href":"https:\/\/pablrdev.se\/karlstad\/wp-json\/wp\/v2\/users\/1"}],"replies":[{"embeddable":true,"href":"https:\/\/pablrdev.se\/karlstad\/wp-json\/wp\/v2\/comments?post=1143"}],"version-history":[{"count":2,"href":"https:\/\/pablrdev.se\/karlstad\/wp-json\/wp\/v2\/pages\/1143\/revisions"}],"predecessor-version":[{"id":1259,"href":"https:\/\/pablrdev.se\/karlstad\/wp-json\/wp\/v2\/pages\/1143\/revisions\/1259"}],"wp:featuredmedia":[{"embeddable":true,"href":"https:\/\/pablrdev.se\/karlstad\/wp-json\/"}],"wp:attachment":[{"href":"https:\/\/pablrdev.se\/karlstad\/wp-json\/wp\/v2\/media?parent=1143"}],"wp:term":[{"taxonomy":"page-category","embeddable":true,"href":"https:\/\/pablrdev.se\/karlstad\/wp-json\/wp\/v2\/page-category?post=1143"}],"curies":[{"name":"wp","href":"https:\/\/api.w.org\/{rel}","templated":true}]}}